e the greatest common factor of u and f.
14
Suppose -3*p + 40 = -4*k, 0 = -4*p + 7*k - 5*k + 50. What is the highest common divisor of p and 44016?
12
Let v be (27/(-12))/((-6)/144). Let k(p) = p**2 + 7*p - 20. Let h be k(-11). What is the highest common factor of h and v?
6
Suppose 3*o = 2*d + 13, 4*o + 0*o - 4 = -4*d. Let j be 20/(-16) - -1 - 40/(-32). Calculate the highest common divisor of j and o.
1
Let v = 93 + -72. Suppose -693 = -3*r + 2*n, 4*r + 3*n + 215 = 1139. Calculate the greatest common factor of v and r.
21
Suppose 5*b + 1897 = 2. Let i = 388 + b. What is the highest common factor of i and 351?
9
Let o(z) = -3*z + 35. Let j be o(10). Suppose -8*l - 5*u = -3*l + j, 0 = -5*l + 3*u + 19. What is the greatest common factor of l and 18?
2
Suppose a + 23 + 42 = 3*g, 0 = -2*g + 3*a + 34. What is the greatest common divisor of g and 7015?
23
Let r(f) = -89*f + 32. Let x be r(14). Suppose 0 = 4*y - 8, -357 = 3*p - 2*y + 5*y. Let h be x/(-22) + 22/p. What is the highest common divisor of h and 22?
11
Let r be 8 - 6/(2 - 0). Suppose 297 = r*f - 378. Suppose 4*t - 3*y - 2*y - 133 = 0, 4*y + 20 = 0. Calculate the highest common divisor of t and f.
27
Let s(b) = 35*b - 1583. Let t be s(56). What is the greatest common divisor of 13 and t?
13
Let b(d) = d**3 + 7*d**2 - 14*d. Let w be b(4). Let r = 85 + -49. Calculate the highest common divisor of r and w.
12
Suppose 2*q + 3*t = 78 - 17, 3*q = -4*t + 92. Calculate the greatest common divisor of 624 and q.
16
Let s = 9630 + -1334. Calculate the highest common factor of 136 and s.
136
Let z be (10/15)/((-8)/(-18)) + (-80106)/(-316). What is the greatest common factor of z and 30600?
255
Let o = 6399 - 4239. Calculate the highest common factor of o and 135.
135
Let n = -18 - 12. Let d = n + 16. Let h(z) = z**2 + 13*z + 2. Let r be h(d). Calculate the highest common divisor of 4 and r.
4
Suppose 26*z - 630 = 23*z. Suppose 0 = -3*a + 3*m + 270 + z, m = -5*a + 806. Let q = 0 + 23. What is the greatest common factor of a and q?
23
Suppose -32*m = -167 - 3577. What is the greatest common divisor of m and 54?
9
Let l = 12401 + -7857. Calculate the greatest common divisor of l and 64.
64
Suppose -274*t + 621 + 2941 = 0. Calculate the greatest common factor of 1573 and t.
13
Suppose 4*h + 24 = -0*h. Let w = 24 + h. Let a(m) = -m**2 + 19*m + 2. Let r be a(0). Calculate the highest common divisor of w and r.
2
Let f = 117 - 117. Suppose 8 = -f*n + 2*n. Suppose 0 = 4*a - 0*a - n. Calculate the greatest common factor of 11 and a.
1
Let v = 3898 + -3891. What is the greatest common factor of v and 1729?
7
Let h(y) = 3*y**2 + 3*y + 14. Let q be h(5). Let o be (175/(-21))/(-3 + q/36). Suppose -o = -w - 66. What is the highest common divisor of 72 and w?
9
Let j(s) = s**3 + 7*s**2 - 22*s + 26. Let i be j(10). What is the greatest common factor of 6 and i?
6
Suppose 1 = -3*k + 19. Let u be 8*(-6)/(-8) - -188. Suppose 18*b - 19*b = -4*r + u, -3*r + 146 = -b. What is the greatest common divisor of k and r?
6
Suppose 31*s - 34*s - 252 = 0. Let u be (-2547)/(-21) + -1 + 24/s. What is the highest common divisor of 270 and u?
30
Let c = 45 - -105. Let v be c*(22/5 - 0). Let p be (5/10)/(3/v). Calculate the greatest common factor of p and 10.
10
Let w(n) = -3*n**2 - 13*n - 36. Let f(b) = b**2 + 7*b + 18. Let y(l) = -7*f(l) - 4*w(l). Let c be y(-3). What is the greatest common divisor of 234 and c?
18
Let h(p) = 2*p**2 + 93*p - 1712. Let w be h(-62). Calculate the highest common factor of 96 and w.
6
Suppose 4*h - 1580 = -3*j, h - 4*h + 5*j = -1156. Let n = h + -386. What is the greatest common factor of 114 and n?
6
Let k be (2 + 32/(-7))*-7. Let u(h) = 172*h + 1131. Let d be u(-6). Calculate the greatest common divisor of k and d.
9
Suppose 25*m - 7*m = -36. Let g be (33*1 - 0) + 5 + m. Let a(b) = 15*b - 6. Let k be a(4). What is the highest common divisor of g and k?
18
Let s be (-1064)/(-44) + (-2)/11. Let h be 162/(-8)*(8 - 12). Suppose -3*d - h = -x, -173 = -2*x + 3*d - 20. Calculate the greatest common divisor of s and x.
24
Suppose -4*n = 3*a - 1371, n - 5*a - 140 = 197. Let r be 435/6 + -3 - 10/(-4). What is the greatest common factor of n and r?
18
Let k be (64/10)/(28/10 - 3). Let b = k + 89. Let t be b + (16/(-4))/(-8)*-2. What is the highest common factor of 8 and t?
8
Let m(l) = 3*l**3 - 245*l**2 + 173*l - 187. Let s be m(81). Calculate the highest common divisor of s and 55.
11
Let x = 1530 - 1236. What is the highest common factor of x and 504?
42
Let v = -75 - -77. Suppose 1 = -v*r + 23. Let f be (27/(-1))/(2 - r/4). What is the greatest common factor of f and 4?
4
Suppose -2*l - 557*v + 562*v = -101, -4*v = -5*l + 278. Calculate the highest common divisor of 8903 and l.
29
Suppose -t + 2*d = -736, t = 3*d - 9420 + 10164. What is the highest common factor of t and 765?
45
Suppose 0 = 52*x - 129363 + 20163. What is the greatest common divisor of 126 and x?
42
Suppose 5*m = 1 + 29. Let j be 2/11 - (-218)/11. Suppose 3*z + 2*u - 158 = 0, 0 = -15*z + j*z + u - 268. Calculate the greatest common divisor of m and z.
6
Let w = -837 - -2130. Suppose -19*a - w = -3345. What is the greatest common divisor of a and 189?
27
Let j(c) = -2*c**3 - 4*c**2 + 14*c + 6. Let w be j(2). Calculate the greatest common divisor of 227 and w.
1
Let v = 4608 + -3636. Calculate the greatest common divisor of 72 and v.
36
Suppose -6*f = -4629 - 459. Calculate the highest common divisor of f and 16.
16
Let h = -177 + 182. Suppose -x - 3*n + 49 = 0, n + 190 = 5*x + h*n. Calculate the highest common factor of 51 and x.
17
Let o(z) = z**3 - 66*z**2 - 159*z - 114. Let y be o(69). Calculate the highest common divisor of 104 and y.
26
Let o be (133/(-3))/((-1)/3). Suppose 6*x + 5*x - 132 = 0. Let m be (-1)/((6/9)/((-152)/x)). Calculate the highest common factor of m and o.
19
Let b = -25797 + 28401. What is the greatest common factor of 672 and b?
84
Let n(r) be the second derivative of r**5/20 + 11*r**4/12 - 7*r**3/3 - 21*r**2/2 + 31*r. Let v be n(-12). What is the greatest common factor of 42 and v?
3
Suppose -34*r - 2992 = -68*r. Calculate the highest common factor of 528 and r.
88
Let p(o) = 54*o - 228. Suppose -5*b = 5*i, 5*b + 4*i - 7 + 2 = 0. Let d be p(b). Calculate the greatest common divisor of 21 and d.
21
Suppose -23*o = -18*o + x - 7, 4*o - 12 = -4*x. Calculate the highest common divisor of o and 229.
1
Let d(w) = 595*w + 113089. Let k be d(-190). Let y = -65 - -312. Calculate the highest common factor of k and y.
13
Suppose -266533 - 45591 = -15*q + 150536. What is the greatest common divisor of 44 and q?
44
Let n(h) = 3*h**3 + 26*h**2 - 9*h - 4. Let i be n(-8). Suppose 28*d - 32*d = -i. Calculate the greatest common factor of 784 and d.
49
Suppose -75*x - 89*x + 7872 = 0. What is the highest common factor of 2712 and x?
24
Suppose -11*m = -14*m - 471. Let t = 173 + m. What is the greatest common divisor of t and 88?
8
Let n(a) = 2*a**3 - 5*a**2 - 6*a + 10. Suppose -90*x + 88*x + 8 = 0. Let j be n(x). What is the highest common divisor of 85 and j?
17
Let w(p) = -3*p**3 - 2*p**2 + 3*p - 4. Let k be w(-4). Suppose y = 2*d - 1284, 5*d + 197 - 3389 = 4*y. Calculate the greatest common factor of d and k.
72
Suppose -s + 0*k - 4 = k, 0 = -4*s + 3*k - 44. Let j be (-134)/(-4) - (5 + -9)/s. What is the highest common divisor of j and 21?
3
Let g(a) = -5*a**2 + 101*a + 194. Let k(l) = l**2 - 17*l - 32. Let j(s) = 6*g(s) + 34*k(s). Let u be j(-3). Calculate the highest common divisor of 8 and u.
4
Let p(o) = 2*o**2 + 89*o + 144. Let w be p(-53). What is the highest common divisor of 190 and w?
95
Suppose 0 = 3*t - 24 + 24. Let c(k) = 6 - 833*k + 831*k + t. Let y be c(-10). What is the highest common factor of 39 and y?
13
Let i = -1 - -2. Suppose 1993*k - 2074*k + 162 = 0. Calculate the greatest common divisor of k and i.
1
Let y = 756 + -684. Let n be (-6 - y/(-15))*-20. Let w be 84 - (1 + 2/(-2)). What is the greatest common divisor of n and w?
12
Let q be (-25)/30 - 0 - 1136/(-96). Suppose -2286 = -3*j + 3*w, -4*j + 2218 = 4*w - 806. Calculate the greatest common factor of j and q.
11
Let k(v) = 6*v**2 + v - 218. Let h(u) = u**2 + 2*u + 1. Let t(j) = -5*h(j) + k(j). Let z be t(36). Calculate the highest common divisor of z and